{"id":351,"date":"2021-03-19T13:06:15","date_gmt":"2021-03-19T13:06:15","guid":{"rendered":"https:\/\/www.mangostatecnologia.com\/home\/?post_type=product&#038;p=351"},"modified":"2021-03-19T13:40:18","modified_gmt":"2021-03-19T13:40:18","slug":"convierte-tu-bicicleta-estatica-en-inteligente-sensores-wahoo","status":"publish","type":"product","link":"https:\/\/www.mangostatecnologia.com\/home\/product\/convierte-tu-bicicleta-estatica-en-inteligente-sensores-wahoo\/","title":{"rendered":"Convierte tu Bicicleta Est\u00e1tica en Inteligente! Sensores Wahoo"},"content":{"rendered":"<p><strong>EXPERIENCIA DE USO:\u00a0 <\/strong>Los sensores de Wahoo hacen que la experiencia de usar tu vieja bicicleta est\u00e1tica vuelva a ser divertida.<\/p>\n<p>Para muchos subirse a la bicicleta est\u00e1tica que ha estado acumulando polvo en nuestras casas por mucho tiempo es es una actividad poco llamativa.  Generalmente lo hacemos por sensaci\u00f3n de culpa luego de un fin de semana de excesos alimenticios.   Para los pocos que se han logrado hacer una rutina, la bicicleta est\u00e1tica es un lugar perfecto para revisar TIK TOK e Instagram mientras nos mentimos que estamos ejercitando nuestro cuerpo.<\/p>\n<p>Sin embargo cuando realizamos la actualizaci\u00f3n con los sensores descrito aqu\u00ed por WAHOO, la experiencia se transforma en algo competitivo con nosotros mismos.<\/p>\n<p>Los sensores autom\u00e1ticamente catalogan basado en la informacion de edad, altura, peso si lo que estamos realizando es simplemente calentamiento, si realmente ya entramos en la zona de quemar grasas, si estamos haciendo buen ejercicio aer\u00f3bico o si realmente estamos es sacando m\u00fasculo a marchas muy forzadas.<\/p>\n<p>Lo empez\u00e9 a utiliza en la Pandemia ante la notable disminuci\u00f3n del ejercicio que hac\u00eda.\u00a0 Pronto me di cuenta que compites contigo mismo para llegar y mantener cierta velocidad.  A mi esposa le sirvi\u00f3 para percatarse que ella nunca pasaba de la zona de calentamiento.<\/p>\n<p>Los simuladores:<\/p>\n<p>Aqu\u00ed lo entretenido. Cuando estos tres sensores est\u00e1n funcionando correctamente, puedes ingresar a las versiones de prueba de Zwift o de BKool a probar una experiencia de realidad virtual con carreteras famosas y competir contra otras personas, o seguirle el paso a otros no tan pro.<\/p>\n<p>*Sin costos de importaci\u00f3n o env\u00edo para Colombia!<br \/>\n*No Import Fees Deposit &#038; FREE Shipping to Colombia!<\/p>\n<p><a href=\"https:\/\/www.amazon.com\/gp\/product\/B01E0YRQIA\/ref=as_li_tl?ie=UTF8&#038;camp=1789&#038;creative=9325&#038;creativeASIN=B01E0YRQIA&#038;linkCode=as2&#038;tag=jpachonusa-20&#038;linkId=f1668b3014c8d6626f85ce0859451412\">C\u00f3mpralo ya en amazon<\/a><\/p>\n<p>&nbsp;<\/p>\n","protected":false},"excerpt":{"rendered":"<p>Sensores para actualizar tu antigua bicicleta est\u00e1tica.<\/p>\n<ul>\n<li>Sensor de Cadencia<\/li>\n<li>Sensor de Velocidad<\/li>\n<li>Emparejamiento simultaneo de los dos sensores y otros mas para android y ios<\/li>\n<li>App de Wahoo para registro de entrenamiento<\/li>\n<li>Compatibilidad con datos de salud de ios o android<\/li>\n<li>Compatibilidad para exportar automaticamente la actividad a STRAVA y otros<\/li>\n<\/ul>\n<p><a href=\"https:\/\/www.amazon.com\/gp\/product\/B01E0YRQIA\/ref=as_li_tl?ie=UTF8&#038;camp=1789&#038;creative=9325&#038;creativeASIN=B01E0YRQIA&#038;linkCode=as2&#038;tag=jpachonusa-20&#038;linkId=f1668b3014c8d6626f85ce0859451412\">C\u00f3mpralo ya en amazon<\/a><\/p>\n<p><iframe style=\"width:120px;height:240px;\" marginwidth=\"0\" marginheight=\"0\" scrolling=\"no\" frameborder=\"0\" src=\"\/\/ws-na.amazon-adsystem.com\/widgets\/q?ServiceVersion=20070822&#038;OneJS=1&#038;Operation=GetAdHtml&#038;MarketPlace=US&#038;source=ac&#038;ref=qf_sp_asin_til&#038;ad_type=product_link&#038;tracking_id=jpachonusa-20&#038;marketplace=amazon&amp;region=US&#038;placement=B01E0YRQIA&#038;asins=B01E0YRQIA&#038;linkId=140114215352578dd64535d57085657f&#038;show_border=false&#038;link_opens_in_new_window=false&#038;price_color=333333&#038;title_color=0066c0&#038;bg_color=ffffff\"><br \/>\n    <\/iframe><\/p>\n","protected":false},"featured_media":352,"comment_status":"closed","ping_status":"closed","template":"","meta":{"_monsterinsights_skip_tracking":false,"_monsterinsights_sitenote_active":false,"_monsterinsights_sitenote_note":"","_monsterinsights_sitenote_category":0},"product_cat":[23,27],"product_tag":[31,28,29,32,30],"class_list":{"0":"post-351","1":"product","2":"type-product","3":"status-publish","4":"has-post-thumbnail","6":"product_cat-domotica","7":"product_cat-fitness","8":"product_tag-actualizar-bicicleta-estatica","9":"product_tag-fitness","10":"product_tag-pandemia","11":"product_tag-sensores","12":"product_tag-wahoo","14":"first","15":"instock","16":"shipping-taxable","17":"purchasable","18":"product-type-simple"},"yoast_head":"<!-- This site is optimized with the Yoast SEO plugin v22.5 - https:\/\/yoast.com\/wordpress\/plugins\/seo\/ -->\n<title>Convierte tu Bicicleta Est\u00e1tica en Inteligente! Sensores Wahoo - Mangosta Tecnonolog&iacute;a Recomendaciones<\/title>\n<meta name=\"robots\" content=\"index, follow, max-snippet:-1, max-image-preview:large, max-video-preview:-1\" \/>\n<link rel=\"canonical\" href=\"https:\/\/www.mangostatecnologia.com\/home\/product\/convierte-tu-bicicleta-estatica-en-inteligente-sensores-wahoo\/\" \/>\n<meta property=\"og:locale\" content=\"en_US\" \/>\n<meta property=\"og:type\" content=\"article\" \/>\n<meta property=\"og:title\" content=\"Convierte tu Bicicleta Est\u00e1tica en Inteligente! Sensores Wahoo - Mangosta Tecnonolog&iacute;a Recomendaciones\" \/>\n<meta property=\"og:description\" content=\"Sensores para actualizar tu antigua bicicleta est\u00e1tica.   Sensor de Cadencia  Sensor de Velocidad  Emparejamiento simultaneo de los dos sensores y otros mas para android y ios  App de Wahoo para registro de entrenamiento  Compatibilidad con datos de salud de ios o android  Compatibilidad para exportar automaticamente la actividad a STRAVA y otros  C\u00f3mpralo ya en amazon\" \/>\n<meta property=\"og:url\" content=\"https:\/\/www.mangostatecnologia.com\/home\/product\/convierte-tu-bicicleta-estatica-en-inteligente-sensores-wahoo\/\" \/>\n<meta property=\"og:site_name\" content=\"Mangosta Tecnonolog&iacute;a Recomendaciones\" \/>\n<meta property=\"article:publisher\" content=\"https:\/\/www.facebook.com\/mangostatecnologia\" \/>\n<meta property=\"article:modified_time\" content=\"2021-03-19T13:40:18+00:00\" \/>\n<meta property=\"og:image\" content=\"https:\/\/www.mangostatecnologia.com\/home\/wp-content\/uploads\/2021\/03\/wahooSensores.png\" \/>\n\t<meta property=\"og:image:width\" content=\"767\" \/>\n\t<meta property=\"og:image:height\" content=\"389\" \/>\n\t<meta property=\"og:image:type\" content=\"image\/png\" \/>\n<meta name=\"twitter:card\" content=\"summary_large_image\" \/>\n<meta name=\"twitter:label1\" content=\"Est. reading time\" \/>\n\t<meta name=\"twitter:data1\" content=\"1 minute\" \/>\n<script type=\"application\/ld+json\" class=\"yoast-schema-graph\">{\"@context\":\"https:\/\/schema.org\",\"@graph\":[{\"@type\":\"WebPage\",\"@id\":\"https:\/\/www.mangostatecnologia.com\/home\/product\/convierte-tu-bicicleta-estatica-en-inteligente-sensores-wahoo\/\",\"url\":\"https:\/\/www.mangostatecnologia.com\/home\/product\/convierte-tu-bicicleta-estatica-en-inteligente-sensores-wahoo\/\",\"name\":\"Convierte tu Bicicleta Est\u00e1tica en Inteligente! Sensores Wahoo - Mangosta Tecnonolog&iacute;a Recomendaciones\",\"isPartOf\":{\"@id\":\"https:\/\/www.mangostatecnologia.com\/home\/#website\"},\"primaryImageOfPage\":{\"@id\":\"https:\/\/www.mangostatecnologia.com\/home\/product\/convierte-tu-bicicleta-estatica-en-inteligente-sensores-wahoo\/#primaryimage\"},\"image\":{\"@id\":\"https:\/\/www.mangostatecnologia.com\/home\/product\/convierte-tu-bicicleta-estatica-en-inteligente-sensores-wahoo\/#primaryimage\"},\"thumbnailUrl\":\"https:\/\/www.mangostatecnologia.com\/home\/wp-content\/uploads\/2021\/03\/wahooSensores.png\",\"datePublished\":\"2021-03-19T13:06:15+00:00\",\"dateModified\":\"2021-03-19T13:40:18+00:00\",\"breadcrumb\":{\"@id\":\"https:\/\/www.mangostatecnologia.com\/home\/product\/convierte-tu-bicicleta-estatica-en-inteligente-sensores-wahoo\/#breadcrumb\"},\"inLanguage\":\"en\",\"potentialAction\":[{\"@type\":\"ReadAction\",\"target\":[\"https:\/\/www.mangostatecnologia.com\/home\/product\/convierte-tu-bicicleta-estatica-en-inteligente-sensores-wahoo\/\"]}]},{\"@type\":\"ImageObject\",\"inLanguage\":\"en\",\"@id\":\"https:\/\/www.mangostatecnologia.com\/home\/product\/convierte-tu-bicicleta-estatica-en-inteligente-sensores-wahoo\/#primaryimage\",\"url\":\"https:\/\/www.mangostatecnologia.com\/home\/wp-content\/uploads\/2021\/03\/wahooSensores.png\",\"contentUrl\":\"https:\/\/www.mangostatecnologia.com\/home\/wp-content\/uploads\/2021\/03\/wahooSensores.png\",\"width\":767,\"height\":389,\"caption\":\"Sensores para pegarle a tu bici est\u00e1tica\"},{\"@type\":\"BreadcrumbList\",\"@id\":\"https:\/\/www.mangostatecnologia.com\/home\/product\/convierte-tu-bicicleta-estatica-en-inteligente-sensores-wahoo\/#breadcrumb\",\"itemListElement\":[{\"@type\":\"ListItem\",\"position\":1,\"name\":\"Home\",\"item\":\"https:\/\/www.mangostatecnologia.com\/home\/\"},{\"@type\":\"ListItem\",\"position\":2,\"name\":\"Shop\",\"item\":\"https:\/\/www.mangostatecnologia.com\/home\/shop\/\"},{\"@type\":\"ListItem\",\"position\":3,\"name\":\"Convierte tu Bicicleta Est\u00e1tica en Inteligente! Sensores Wahoo\"}]},{\"@type\":\"WebSite\",\"@id\":\"https:\/\/www.mangostatecnologia.com\/home\/#website\",\"url\":\"https:\/\/www.mangostatecnologia.com\/home\/\",\"name\":\"Mangosta Tecnonolog&iacute;a Recomendaciones\",\"description\":\"Ya lo compramos, ya lo probamos!\",\"publisher\":{\"@id\":\"https:\/\/www.mangostatecnologia.com\/home\/#organization\"},\"potentialAction\":[{\"@type\":\"SearchAction\",\"target\":{\"@type\":\"EntryPoint\",\"urlTemplate\":\"https:\/\/www.mangostatecnologia.com\/home\/?s={search_term_string}\"},\"query-input\":\"required name=search_term_string\"}],\"inLanguage\":\"en\"},{\"@type\":\"Organization\",\"@id\":\"https:\/\/www.mangostatecnologia.com\/home\/#organization\",\"name\":\"Mangosta\",\"url\":\"https:\/\/www.mangostatecnologia.com\/home\/\",\"logo\":{\"@type\":\"ImageObject\",\"inLanguage\":\"en\",\"@id\":\"https:\/\/www.mangostatecnologia.com\/home\/#\/schema\/logo\/image\/\",\"url\":\"https:\/\/www.mangostatecnologia.com\/home\/wp-content\/uploads\/2022\/03\/cropped-logo-1.png\",\"contentUrl\":\"https:\/\/www.mangostatecnologia.com\/home\/wp-content\/uploads\/2022\/03\/cropped-logo-1.png\",\"width\":600,\"height\":316,\"caption\":\"Mangosta\"},\"image\":{\"@id\":\"https:\/\/www.mangostatecnologia.com\/home\/#\/schema\/logo\/image\/\"},\"sameAs\":[\"https:\/\/www.facebook.com\/mangostatecnologia\"]}]}<\/script>\n<!-- \/ Yoast SEO plugin. -->","yoast_head_json":{"title":"Convierte tu Bicicleta Est\u00e1tica en Inteligente! Sensores Wahoo - Mangosta Tecnonolog&iacute;a Recomendaciones","robots":{"index":"index","follow":"follow","max-snippet":"max-snippet:-1","max-image-preview":"max-image-preview:large","max-video-preview":"max-video-preview:-1"},"canonical":"https:\/\/www.mangostatecnologia.com\/home\/product\/convierte-tu-bicicleta-estatica-en-inteligente-sensores-wahoo\/","og_locale":"en_US","og_type":"article","og_title":"Convierte tu Bicicleta Est\u00e1tica en Inteligente! Sensores Wahoo - Mangosta Tecnonolog&iacute;a Recomendaciones","og_description":"Sensores para actualizar tu antigua bicicleta est\u00e1tica.   Sensor de Cadencia  Sensor de Velocidad  Emparejamiento simultaneo de los dos sensores y otros mas para android y ios  App de Wahoo para registro de entrenamiento  Compatibilidad con datos de salud de ios o android  Compatibilidad para exportar automaticamente la actividad a STRAVA y otros  C\u00f3mpralo ya en amazon","og_url":"https:\/\/www.mangostatecnologia.com\/home\/product\/convierte-tu-bicicleta-estatica-en-inteligente-sensores-wahoo\/","og_site_name":"Mangosta Tecnonolog&iacute;a Recomendaciones","article_publisher":"https:\/\/www.facebook.com\/mangostatecnologia","article_modified_time":"2021-03-19T13:40:18+00:00","og_image":[{"width":767,"height":389,"url":"https:\/\/www.mangostatecnologia.com\/home\/wp-content\/uploads\/2021\/03\/wahooSensores.png","type":"image\/png"}],"twitter_card":"summary_large_image","twitter_misc":{"Est. reading time":"1 minute"},"schema":{"@context":"https:\/\/schema.org","@graph":[{"@type":"WebPage","@id":"https:\/\/www.mangostatecnologia.com\/home\/product\/convierte-tu-bicicleta-estatica-en-inteligente-sensores-wahoo\/","url":"https:\/\/www.mangostatecnologia.com\/home\/product\/convierte-tu-bicicleta-estatica-en-inteligente-sensores-wahoo\/","name":"Convierte tu Bicicleta Est\u00e1tica en Inteligente! Sensores Wahoo - Mangosta Tecnonolog&iacute;a Recomendaciones","isPartOf":{"@id":"https:\/\/www.mangostatecnologia.com\/home\/#website"},"primaryImageOfPage":{"@id":"https:\/\/www.mangostatecnologia.com\/home\/product\/convierte-tu-bicicleta-estatica-en-inteligente-sensores-wahoo\/#primaryimage"},"image":{"@id":"https:\/\/www.mangostatecnologia.com\/home\/product\/convierte-tu-bicicleta-estatica-en-inteligente-sensores-wahoo\/#primaryimage"},"thumbnailUrl":"https:\/\/www.mangostatecnologia.com\/home\/wp-content\/uploads\/2021\/03\/wahooSensores.png","datePublished":"2021-03-19T13:06:15+00:00","dateModified":"2021-03-19T13:40:18+00:00","breadcrumb":{"@id":"https:\/\/www.mangostatecnologia.com\/home\/product\/convierte-tu-bicicleta-estatica-en-inteligente-sensores-wahoo\/#breadcrumb"},"inLanguage":"en","potentialAction":[{"@type":"ReadAction","target":["https:\/\/www.mangostatecnologia.com\/home\/product\/convierte-tu-bicicleta-estatica-en-inteligente-sensores-wahoo\/"]}]},{"@type":"ImageObject","inLanguage":"en","@id":"https:\/\/www.mangostatecnologia.com\/home\/product\/convierte-tu-bicicleta-estatica-en-inteligente-sensores-wahoo\/#primaryimage","url":"https:\/\/www.mangostatecnologia.com\/home\/wp-content\/uploads\/2021\/03\/wahooSensores.png","contentUrl":"https:\/\/www.mangostatecnologia.com\/home\/wp-content\/uploads\/2021\/03\/wahooSensores.png","width":767,"height":389,"caption":"Sensores para pegarle a tu bici est\u00e1tica"},{"@type":"BreadcrumbList","@id":"https:\/\/www.mangostatecnologia.com\/home\/product\/convierte-tu-bicicleta-estatica-en-inteligente-sensores-wahoo\/#breadcrumb","itemListElement":[{"@type":"ListItem","position":1,"name":"Home","item":"https:\/\/www.mangostatecnologia.com\/home\/"},{"@type":"ListItem","position":2,"name":"Shop","item":"https:\/\/www.mangostatecnologia.com\/home\/shop\/"},{"@type":"ListItem","position":3,"name":"Convierte tu Bicicleta Est\u00e1tica en Inteligente! Sensores Wahoo"}]},{"@type":"WebSite","@id":"https:\/\/www.mangostatecnologia.com\/home\/#website","url":"https:\/\/www.mangostatecnologia.com\/home\/","name":"Mangosta Tecnonolog&iacute;a Recomendaciones","description":"Ya lo compramos, ya lo probamos!","publisher":{"@id":"https:\/\/www.mangostatecnologia.com\/home\/#organization"},"potentialAction":[{"@type":"SearchAction","target":{"@type":"EntryPoint","urlTemplate":"https:\/\/www.mangostatecnologia.com\/home\/?s={search_term_string}"},"query-input":"required name=search_term_string"}],"inLanguage":"en"},{"@type":"Organization","@id":"https:\/\/www.mangostatecnologia.com\/home\/#organization","name":"Mangosta","url":"https:\/\/www.mangostatecnologia.com\/home\/","logo":{"@type":"ImageObject","inLanguage":"en","@id":"https:\/\/www.mangostatecnologia.com\/home\/#\/schema\/logo\/image\/","url":"https:\/\/www.mangostatecnologia.com\/home\/wp-content\/uploads\/2022\/03\/cropped-logo-1.png","contentUrl":"https:\/\/www.mangostatecnologia.com\/home\/wp-content\/uploads\/2022\/03\/cropped-logo-1.png","width":600,"height":316,"caption":"Mangosta"},"image":{"@id":"https:\/\/www.mangostatecnologia.com\/home\/#\/schema\/logo\/image\/"},"sameAs":["https:\/\/www.facebook.com\/mangostatecnologia"]}]}},"_links":{"self":[{"href":"https:\/\/www.mangostatecnologia.com\/home\/wp-json\/wp\/v2\/product\/351"}],"collection":[{"href":"https:\/\/www.mangostatecnologia.com\/home\/wp-json\/wp\/v2\/product"}],"about":[{"href":"https:\/\/www.mangostatecnologia.com\/home\/wp-json\/wp\/v2\/types\/product"}],"replies":[{"embeddable":true,"href":"https:\/\/www.mangostatecnologia.com\/home\/wp-json\/wp\/v2\/comments?post=351"}],"wp:featuredmedia":[{"embeddable":true,"href":"https:\/\/www.mangostatecnologia.com\/home\/wp-json\/wp\/v2\/media\/352"}],"wp:attachment":[{"href":"https:\/\/www.mangostatecnologia.com\/home\/wp-json\/wp\/v2\/media?parent=351"}],"wp:term":[{"taxonomy":"product_cat","embeddable":true,"href":"https:\/\/www.mangostatecnologia.com\/home\/wp-json\/wp\/v2\/product_cat?post=351"},{"taxonomy":"product_tag","embeddable":true,"href":"https:\/\/www.mangostatecnologia.com\/home\/wp-json\/wp\/v2\/product_tag?post=351"}],"curies":[{"name":"wp","href":"https:\/\/api.w.org\/{rel}","templated":true}]}}